 factors of d(-2).
5
Let d = 117 - 47. Suppose -2*j + 0*j + d = 0. What are the prime factors of j?
5, 7
Suppose 5*f - 4*f - 3*n - 60 = 0, 5*n - 222 = -3*f. What are the prime factors of f?
3, 23
Let v = -47 - -167. What are the prime factors of v?
2, 3, 5
Let i be ((-136)/(-20))/((-1)/(-5)). Suppose -3*o - 10 = -i. What are the prime factors of o?
2
Let t(l) = 961*l + 3. Let v be t(-3). What are the prime factors of (-4)/(-22) - v/132?
2, 11
Suppose 4*t - 33 = 47. What are the prime factors of t?
2, 5
Suppose 0 = -w + 3*i + 52, -w + 3*i = 5*i - 42. What are the prime factors of w?
2, 23
Let s(c) = c - 1. Let n(j) = j + 7. Let y be n(7). Let o = y + -8. What are the prime factors of s(o)?
5
Let q = 1 + 66. List the prime factors of q.
67
Let b be 5*(-1 - (-24)/15). Suppose 2*x = -5*p + p - 8, 0 = -b*x + 3*p + 15. Suppose -4*c - 3 + 4 = -q, x*c - 18 = -2*q. List the prime factors of q.
7
Let j be ((-2)/4)/((-2)/24). Suppose 8*x = 5*x - j. What are the prime factors of (7 - 0) + (-4)/x?
3
Suppose 568 = 9*r + 145. What are the prime factors of r?
47
Suppose -x + 5*x - 4*n - 144 = 0, 3*n + 71 = 2*x. List the prime factors of x.
37
Suppose -4*f - f + 20 = 0. Suppose -f = -6*v + 4*v. List the prime factors of v.
2
Let k(d) = d**3 - 3*d**2 - 4*d + 6. List the prime factors of k(4).
2, 3
Suppose 0*n - 14 = -4*n + 2*d, -n = 3*d - 14. What are the prime factors of n?
5
Let s = -2 + 14. Suppose s = 4*f + 4. What are the prime factors of 23 - (1 + f/1)?
2, 5
Suppose -2*t - 10 = 2*b, -t - 17 = -4*b + 3. Let z = t - -8. Suppose 4*o - 48 = -z*o. List the prime factors of o.
2, 3
Suppose 2*n + 24 = -5*x - 21, 165 = -4*n + 5*x. Let v = -15 - n. What are the prime factors of v?
2, 5
Suppose -2*a + 22 = 2*m, -2*a - 29 = -6*a - m. Let b = a - 5. Let o(h) = 11*h**2 + h. What are the prime factors of o(b)?
2, 3
Let h = -2 + 10. Let v be 11/(-2*(-2)/h). Suppose 5*n + 2*p = 31 - 0, 2*n - v = 4*p. What are the prime factors of n?
7
Let l(r) = r**3 + 6*r**2 + 6*r + 7. Let q be l(-5). Let y(v) = 5*v - 2*v - q*v + 1. List the prime factors of y(5).
2, 3
Let g = -95 - -146. List the prime factors of g.
3, 17
Suppose 0 = 2*p - 4*m + 180, 0 = -p + 2*p - 5*m + 99. Let r = -58 - p. List the prime factors of r.
2, 13
Let r be -3*-3*7/(-9). Let m(x) = -4*x - 4. Let q(o) = -2*o - 2. Let c(a) = -3*m(a) + 7*q(a). What are the prime factors of c(r)?
2, 3
Let f be (-3)/6 + (-7)/(-2). Suppose -3 = -f*s + 21. List the prime factors of s.
2
Suppose c - 20 - 49 = 0. List the prime factors of c.
3, 23
Let v be (4/(-2))/(-2) - -41. Suppose v = -13*r + 16*r. List the prime factors of r.
2, 7
Suppose 0*c - 5*c = -35. Suppose 0 = -2*w + c*w - 50. What are the prime factors of w?
2, 5
Let s(h) = h**2 + h - 1. Let i be s(2). Suppose -30 = -2*a - 2*z - 2*z, 20 = i*a - z. Suppose g - 4*j + 12 = -3*g, -a*j + 23 = -g. List the prime factors of g.
2
Suppose c + 1 = a + 11, -3*c - 5*a = -6. Suppose 27 + 8 = 5*i. Let f = i + c. What are the prime factors of f?
2, 7
Suppose -4*f - 256 = -2*n, -n = -3*f + 35 - 163. What are the prime factors of n?
2
Let q(m) = 4*m + 19. What are the prime factors of q(8)?
3, 17
Suppose 2*l - 43 = -5*y, 64 = 3*l + 2*l - 2*y. List the prime factors of l.
2, 7
Let m be (-4)/16 - (-2)/8. Suppose m*g = g - 10. List the prime factors of g.
2, 5
Suppose -4*y - 5*f + 25 = -3, 2*y = -4*f + 20. Let j(a) = -4*a + y*a**2 - a + 2 - a. What are the prime factors of j(4)?
2, 5
Suppose -2*z = -4*d - 4*z + 8, 5*z = 5*d - 40. Suppose -89 + d = -5*p - 5*m, -64 = -4*p - 5*m. List the prime factors of p.
3, 7
Let f(a) = 7*a + 4*a + a. List the prime factors of f(3).
2, 3
Let o be 6 - (-1 + (-2 - -5)). Let s be ((-3)/o)/(2/(-56)). Let k = 30 - s. List the prime factors of k.
3
Let x be -8 + (-4)/12*3. Let n(m) = m**3 + 11*m**2 + 12*m - 9. What are the prime factors of n(x)?
3, 5
Let r(f) = 0*f**3 - 3*f + 5*f**2 - 4 + 4*f**2 - 3*f**2 - f**3. Let g be r(5). Suppose 11*z - 40 = g*z. What are the prime factors of z?
2
Let u = -14 + -2. Let j = -8 - u. What are the prime factors of j?
2
Let b = 151 + -87. What are the prime factors of b?
2
Let a = -77 - -112. List the prime factors of a.
5, 7
Suppose 2*j + 3*j + 19 = 3*x, -2 = -2*x - 2*j. Let k(g) = -2*g**2 - 12*g + 1. Let i be k(-6). Let m = x - i. What are the prime factors of m?
2
Let j = 10 - 11. Let h(t) = 11*t**2 - t - 1. List the prime factors of h(j).
11
Let x be (2 - (-6)/(-3)) + -18. Let b be (-3)/6*-4 + x. Let n = -10 - b. List the prime factors of n.
2, 3
Let q(b) = 5*b + 2. Let a be q(-2). Let g = a + 20. What are the prime factors of g?
2, 3
Suppose -d + 40 + 3 = 0. What are the prime factors of d?
43
Suppose y + 2*y + 5*q - 32 = 0, -3*y - 2*q + 29 = 0. List the prime factors of 0 - y/3 - -13.
2, 5
Let m = 15 - 13. Suppose -3*p - 3*k = -0*p + 6, -m*p - 3*k - 9 = 0. What are the prime factors of p?
3
Let m = 145 - 103. Let k = m + -16. Suppose -t = t - k. List the prime factors of t.
13
Let w = 149 - 49. List the prime factors of w.
2, 5
Let b(f) = -12*f**3 + 2*f**2 - 1. Let x be b(-1). Suppose -x + 2 = c. Let i = c + 21. List the prime factors of i.
2, 5
Let n(g) = 3*g - 1. Let v be n(2). Suppose 4*r = -5*c + 4*c + 4, 0 = 4*c + v*r - 60. What are the prime factors of c?
2, 5
Let l(o) be the first derivative of -o**4/4 + 5*o**3/3 - o**2 - 2*o + 1. Let f(r) = r**2 + 4. Let x be f(0). What are the prime factors of l(x)?
2, 3
Let o be ((-115)/15)/(2/6). Let w = o + 31. List the prime factors of w.
2
Let o(n) = 32*n**3 + n**2 - n. What are the prime factors of o(1)?
2
Let h(f) = 0 + 2*f - 1 + 9. Let v be h(6). Suppose v = 4*w - 0. List the prime factors of w.
5
Suppose -5*q = -16 - 9, 0 = 2*h + 3*q - 323. List the prime factors of h.
2, 7, 11
Suppose 7*p = 10*p. Suppose -20 = 4*a, -s - 4*s - 3*a + 15 = p. Let v(l) = l**3 - 5*l**2 - 5*l - 3. List the prime factors of v(s).
3
Suppose 4*i + 4 = -2*q, -3*q = -2*i + i - 15. Let h = 1 + q. List the prime factors of h.
5
Let m(h) = -h**3 - 8*h**2 - 8*h + 1. Let k be m(-7). Suppose -3*b - b = -k. Let p = 4 + b. List the prime factors of p.
2, 3
Suppose 2*q = 5*d - 376, 4*q = -d + 3*d - 160. List the prime factors of d.
2, 37
Let i be (-2)/(-5) + (-6)/15. Suppose i = 2*r - 52 - 108. What are the prime factors of r/14 + (-6)/(-21)?
2, 3
Suppose -6*h = -3*h - 18. Suppose 0*z + h = 2*z. Suppose 0 = 2*p + z*p - 30. What are the prime factors of p?
2, 3
Let m = 60 - 15. What are the prime factors of m?
3, 5
Suppose -3*h = -0*h + 6. What are the prime factors of 31/3 - h/3?
11
Suppose 3*l - 215 = -2*l - a, -a + 39 = l. List the prime factors of l.
2, 11
Suppose 0 = -0*h - 2*h + l + 1, l = -h + 8. List the prime factors of -2*(0 - 1) + h.
5
Suppose -15*u + 956 + 1669 = 0. What are the prime factors of u?
5, 7
Suppose -3*r - 36 = 4*j, 3*j + 5*r - 10 + 26 = 0. Let w = j + 3. Let k = 20 + w. List the prime factors of k.
11
Let u(t) = -3*t - 9. Let q = -4 - -4. Suppose -5*y + x = 25, q*y - x = 3*y + 23. What are the prime factors of u(y)?
3
Let m(n) = 4*n**3 - n. Let g be m(1). Suppose 0 = g*d - 4*d + 15. What are the prime factors of d?
3, 5
Suppose 5*f - 2*m = 235, -f = -0*f + 4*m - 69. Let q = 75 - f. What are the prime factors of q?
2, 13
Suppose 9*v = 4*v - 30. What are the prime factors of ((-8)/v)/((-1)/(-12))?
2
Suppose -2*c + 25 = 3*q, -4*c - q + 3*q + 58 = 0. Suppose -c - 9 = -k. What are the prime factors of k?
23
Let m(f) = -2*f - 9. Let i = -1 - 8. What are the prime factors of m(i)?
3
Suppose -2*c + 7*c - 135 = 0. Suppose -4*j + j - 15 = 4*f, c = -4*j - 3*f. Let t = -5 - j. List the prime factors of t.
2
Let r = 0 + 1. Let f = 8 + -4. Let i = f - r. List the prime factors of i.
3
Suppose 126 = 5*b - t - 0, b = 4*t + 29. What are the prime factors of b?
5
Suppose 75 + 100 = -5*x. What are the prime factors of 2/4 - x/2?
2, 3
Let q(s) = 2*s - 5. Let d = 16 - 11. Let j be q(d). Suppose j*o + 20 = 0, -2*o - 4 = -0*i + 2*i. What are the prime factors of i?
2
Let q(x) = -x**2 - 5*x - 2. Let t be q(-4). Suppose 0*s - 2*s + 7 = 5*l, t*l - 16 = -3*s. List the prime factors of s.
2, 3
Suppose a - 4 - 3 = 0. Let w = a + -2. Suppose -5*t + 45 = -w. List the prime factors of t.
2, 5
Suppose 5*y - y = a - 54, 3*y = -a + 89. List the prime factors of a.
2, 37
Suppose -r + 4*r = n + 62, 0 = 2*r + 5*n - 